3, 5
Let r be (-45)/20*3*4. Let x(u) = -2*u**3 - 14*u**2 - 5*u + 44. Let c be x(-6). List the prime factors of r/18*c/3*-193.
193
Let h be 4/(-60)*-1281 + (-6)/(-10). What are the prime factors of 0 + (-187)/(-9) + h/387?
3, 7
What are the prime factors of (0 - 1)/((-4)/506580*5)?
3, 8443
Suppose 12*f - 149 = 511. Suppose 0 = 4*v - 0*v - 2*w + 142, v = 5*w - 22. Let g = v + f. What are the prime factors of g?
2, 3
Suppose -y = -5*h + 2399, 0 = h + 2*h + 5*y - 1417. Suppose 2*l + 4*i = 488, 0 = -0*l + 2*l + i - h. What are the prime factors of l?
2, 7, 17
Let q be (37779/2)/21 + (-1)/2. Let o = q - 384. What are the prime factors of o?
5, 103
Let f(m) = m**3 - 8*m**2 - 8*m - 1. Let w = -137 + 194. Suppose -5*i = -w + 7. What are the prime factors of f(i)?
7, 17
Let i be (3/(-2) + 1)*(-1 - 19). Suppose 6*p + 557 = f + i*p, -1657 = -3*f + 2*p. What are the prime factors of f?
7, 79
Suppose 4*j + 49 = 241. Let d be (4/(-10))/(1/(-95)). Suppose -u = 5*z - j, 5*z - d = z - u. List the prime factors of z.
2, 5
Suppose -802 = 4*t - 898. Let z(k) = 2*k**3 - 48*k**2 + 31*k + 58. List the prime factors of z(t).
2, 401
Let f(g) = 22*g**2 + 301*g - 4. List the prime factors of f(-23).
7, 673
Let x(b) = -3*b**2 - 9*b + 57. Let l be x(4). Let t = l + 278. What are the prime factors of t?
251
Let n(o) = o**3 + 26*o**2 + 2. Let m be n(-26). Suppose -m*i = -301 - 231. List the prime factors of i.
2, 7, 19
Let j be 1597/3 + ((-56)/24 - -2). Let o = 331 + j. List the prime factors of o.
863
Let q = 21241 - 4733. List the prime factors of q.
2, 4127
Suppose 0 = 13*x - 598 - 20566. List the prime factors of x.
2, 11, 37
Suppose 0 = -5*c + y - 4*y + 59449, 11876 = c - 4*y. List the prime factors of c.
2, 743
Let c = 57533 - 15967. What are the prime factors of c?
2, 7, 2969
Suppose -14828 = -5*k - 4*b, -k - 1121 + 4091 = 3*b. List the prime factors of k.
2, 3, 13, 19
Suppose 0 = -c - 3*x - 6, 2*x + 14 = -2*c - 2*x. Let d(z) = -3*z**3 + 9*z - 63. List the prime factors of d(c).
3, 227
Suppose 0 = -121*k - 177881 + 927234. What are the prime factors of k?
11, 563
Let y(u) be the first derivative of u**3/3 + 7*u**2/2 - 19*u + 26. Let j be y(4). List the prime factors of (j + -2)*6 + (-2 - -3).
139
What are the prime factors of (-700)/105*4593/(-2)?
2, 5, 1531
What are the prime factors of ((-163)/(-4))/(((-22)/1540)/(42/(-35)))?
3, 7, 163
Suppose 0 = -3*o + 5*h + 64500, -28*o = -33*o + 3*h + 107500. List the prime factors of o.
2, 5, 43
Let y(w) = 7 + 3 - 23 + 4 - 39 + 33*w. What are the prime factors of y(3)?
3, 17
Let v = -17 - 19. List the prime factors of (-54)/v*1096/3.
2, 137
Suppose 77 = -28*r - 63. Let g(n) = -5*n**3 - 2*n**2 + 3*n - 21. What are the prime factors of g(r)?
7, 11
Suppose 7 + 13 = 10*j. Suppose 1276 = 5*p - b, j*p + 2*b - 5*b = 513. What are the prime factors of p?
3, 5, 17
Suppose 0 = -7*v + 4*t + 189747, -t - 49321 - 32002 = -3*v. What are the prime factors of v?
27109
Let h(m) = 2*m + 32*m**2 + 2 + 37*m**2 - 5*m. Suppose -16 = -4*k, -6*k = 3*c - 0 - 27. What are the prime factors of h(c)?
2, 17
Suppose -3*j - 3 = 0, -2*o + 2*j + 135684 = -0*o. List the prime factors of o.
179, 379
Let g = -61 - -448. Suppose 5*w - 885 = q - 5*q, 2*w - g = 5*q. What are the prime factors of w?
181
Let h = 32667 - 13039. What are the prime factors of h?
2, 7, 701
Let k be (16/(-6))/((-8)/(-10800)*6). Let f be 2 + 1 + 417/(-1). Let h = f - k. What are the prime factors of h?
2, 3, 31
Suppose -d = 0, 2*z - 5*z + 12 = -2*d. Suppose 3*k + z*g - 2072 = 0, -2*g + 5*g - 2067 = -3*k. Suppose 5*h - k = 261. List the prime factors of h.
3, 7
Let f(a) = -17*a - 37*a**3 + 3 + 61*a**3 + 13*a + 160*a**3. What are the prime factors of f(1)?
3, 61
Let d be (-184)/(-230) + (-6)/(-5). List the prime factors of 115/(d*3/18).
3, 5, 23
Suppose -22*x + 24*x + 174 = -4*s, -8 = 4*s. List the prime factors of 8/(-1) + (-132966)/x.
2, 797
Let b(d) = -34*d**2 + 6*d + 33. Let g be b(6). List the prime factors of -3*(g/9 + 6).
367
Suppose -18*g + g + 227281 = -140174. What are the prime factors of g?
3, 5, 11, 131
Suppose -15522 = -39*z + 12831. What are the prime factors of z?
727
Let k(t) = 2*t**2 - t - 40. Let q be k(16). Let a = 4 - 4. Suppose 14*h - 10*h - q = a. What are the prime factors of h?
2, 3, 19
Let k be (-4)/18 - (-9075)/135. Let a(g) = -g**2 + 11*g - 35. Let z be a(8). Let n = z + k. What are the prime factors of n?
2, 7
Suppose 9653 = 18*s - 16249. What are the prime factors of s?
1439
Suppose 0 = 2*u - 0*u + 4, 0 = 4*r - 5*u + 8590. List the prime factors of (-15)/4*(2 - r/(-15)).
2, 5, 53
Let y(b) = 11*b**2 + 27*b + 12. Let l be y(-8). Suppose -2*o + 282 + l = 0. What are the prime factors of o?
17, 23
Suppose 58*x - 721 = 51*x. Let a = 466 + x. List the prime factors of a.
569
Let f be -192*(3/9)/(-1). Let c = f + -35. Suppose -23 = 28*o - c*o. What are the prime factors of o?
23
Let b = -630 - -8838. What are the prime factors of b?
2, 3, 19
Let w(v) = 591*v - 6304. What are the prime factors of w(67)?
13, 197
Suppose 0 = -39*d + 1506 + 4773. Let w = d - -574. What are the prime factors of w?
3, 5, 7
Let r be (-37)/(-111) - ((-56)/12 + -1). Let i(t) = t + 2. Let b be i(0). Suppose 0 = 3*u + r, -5*u - 314 = -b*w - 0*u. What are the prime factors of w?
2, 19
Let l(j) be the third derivative of j**5/60 + j**4/4 - j**3 + 40*j**2. List the prime factors of l(7).
5, 17
Let o be 3/(-12) + (-12402)/24 + -1. Let q = 342 - o. What are the prime factors of q?
2, 5, 43
Let o = 14 - 11. Let j(u) = 3*u**3 + 5*u - 16*u**o - 36*u**3 - 4*u. List the prime factors of j(-1).
2, 3
Let i be 7668/15 - 14/70. Let k = i + 236. List the prime factors of k.
3, 83
Let f = -5144 + 12694. List the prime factors of f.
2, 5, 151
Suppose -74*i = -94*i + 44020. What are the prime factors of i?
31, 71
Let y = -26 - -48. Suppose -3*b = -5*z + 1850, 0 = -z + 3*b - y + 392. Let d = z - 257. What are the prime factors of d?
113
Let x be 1/(21/(-196))*3/(-2). List the prime factors of ((-24)/x)/((-16)/7336).
2, 3, 131
Suppose -5*c - 4 = -19. Suppose 5 = -2*q + 5*u, -u + 1 = -c*q - q. Suppose -5*l = q, 2*t + 0*t = -2*l + 108. What are the prime factors of t?
2, 3
Let f(o) = o**3 + 17*o**2 - 13*o + 98. Let y be f(-18). List the prime factors of y + 249 - -10 - (-6)/1.
3, 7, 13
Let r = 6302 + -2650. Suppose -r - 6284 = -27*l. What are the prime factors of l?
2, 23
Let f(p) = -p**2 - 22*p + 25. Let y be f(-23). Suppose y*j - 2103 = 437. List the prime factors of j.
2, 5, 127
Let x(s) = s**2 + 15*s + 56. Let l be x(-6). Suppose 4*n + l*y - 1910 = 0, 8*y = -4*n + 13*y + 1889. What are the prime factors of n?
2, 7, 17
Suppose 2*f - 2*p = 50, 5*f = p + p + 128. Suppose f*y - 30*y + 24 = 0. Suppose 0 = y*b - 582 - 114. List the prime factors of b.
2, 29
Let c(j) be the second derivative of j**6/90 - j**4/24 - 13*j**3/6 - 10*j. Let z(p) be the second derivative of c(p). List the prime factors of z(-3).
5, 7
Suppose 9*q - 3848 = 5*q + 2*o, -2*q + 1912 = -4*o. Suppose 0 = -4*w + q + 324. What are the prime factors of w?
2, 7, 23
Let y = 37 + -35. Suppose -y*c - 6 = 3*i, -c - c + i = -2. Suppose 2*v - 8 + 2 = c, 0 = 3*u - v - 162. What are the prime factors of u?
5, 11
Suppose 0 = 3*g - 21, 0 = n - 3*g - 10912 - 1559. List the prime factors of n.
2, 3, 347
Let o(y) = -3*y + 8. Let f be o(13). Let b = -27 - f. Suppose -b*v = -35 - 57. List the prime factors of v.
23
Suppose 3*u - 159 = -24. Suppose 4*h - v - u = 0, 10 = h - v + 1. What are the prime factors of (-16)/h - 368/(-6)?
2, 3, 5
Suppose 5*y + 133 = -52. Suppose 6*m - 4*m = -34. Let p = m - y. List the prime factors of p.
2, 5
Suppose 2*x + 129 = -42*y + 47*y, -4*x = -4*y + 108. Suppose y*m - 5*m = 21340. List the prime factors of m.
11, 97
Suppose 0 = 4*q + 1205 + 139. Let h = 607 + q. List the prime factors of h.
271
Let d = 114 + -113. List the prime factors of (5/d - -474) + -6.
11, 43
Let m(o) = 2 - 16*o - 3*o**2 + 24*o - 15*o. Let x be m(7). What are the prime factors of 0 + -4 - x/2?
3, 31
Let y = 34 + -15. Suppose x = -l - 0*x + 43, l = -2*x + 43. Let z = l - y. List the prime factors of z.
2, 3
Let k(h) = 3*h**3 - 42*h**2 + 17*h + 274. What are the prime factors of k(22)?
2, 3, 7, 73
Let g(q) = q - 3. Let o be g(8). Let d(m) = 23*m - 12 - 25*m + o*m*